{"id":11,"date":"2019-02-10T17:35:15","date_gmt":"2019-02-10T17:35:15","guid":{"rendered":"http:\/\/fischersv-zapfendorf.de\/?page_id=11"},"modified":"2025-12-31T08:25:02","modified_gmt":"2025-12-31T08:25:02","slug":"jungendtermine","status":"publish","type":"page","link":"https:\/\/fischersv-zapfendorf.de\/?page_id=11","title":{"rendered":"Jugendtermine"},"content":{"rendered":"\n<p><strong>Terminplan der Jugendgruppe f\u00fcr das Jahr 202<\/strong>4<\/p>\n\n\n\n<figure class=\"wp-block-table is-style-stripes\"><table><tbody><tr><td><strong>Datum<\/strong><\/td><td><strong>Treffpunkt<\/strong><\/td><td><strong>Bemerkung<\/strong><\/td><td><strong>Beginn Uhrzeit<\/strong><\/td><td><strong>Ende Uhrzeit<\/strong><\/td><\/tr><tr><td>15.02.<\/td><td><\/td><td>Faschingsumzug d. Jugend<\/td><td>13.00<\/td><td><\/td><\/tr><tr><td>23.05.<\/td><td><\/td><td>Jugendstunde Theorie+Praxis<br>Rauschfischangeln Zapfendorf Nord<\/td><td>Infos folgen<\/td><td><\/td><\/tr><tr><td>20.06. &#8211; 28.06.<\/td><td><\/td><td>Jugend Nachtangeln Zapfendorf S\u00fcd<br>Absatzbecken hinter der Schranke<\/td><td>Infos folgen<\/td><td><\/td><\/tr><tr><td>03.07. &#8211; 05.07.<\/td><td><\/td><td>Zeltwochenende Zapfendorf S\u00fcd<br>Absatzbecken hinter der Schranke<\/td><td>Infos folgen<\/td><td><\/td><\/tr><tr><td>10.07 &#8211; 12.07.<\/td><td><\/td><td>Zeltwochenende Zapfendorf S\u00fcd<br>Absatzbecken hinter der Schranke<\/td><td>Infos folgen<\/td><td><\/td><\/tr><tr><td>10.10.<\/td><td><\/td><td>Jugend Abangeln Zapfendorf Nord<\/td><td>13.00<\/td><td>18.00<\/td><\/tr><\/tbody><\/table><\/figure>\n\n\n\n<p>Die erste Gruppenstunde f\u00fcr das Jahr 2025 wird zeitnah bekannt gegeben. Wir freuen uns auf euch und haben viele spannende Stunden mit euch geplant. Jederzeit d\u00fcrft ihre eigene Ideen und W\u00fcnsche mit uns besprechen. Neugierig geworden? Dein Kind m\u00f6chte mal zum schnuppern kommen? Dies ist jederzeit zu den Gruppenstunden unter vorheriger telefonischer Anmeldung m\u00f6glich! <\/p>\n\n\n\n<p>Nora Einbecker: 0151-64332052 oder Laura Kirsche 01512-0561458<\/p>\n","protected":false},"excerpt":{"rendered":"<p>Terminplan der Jugendgruppe f\u00fcr das Jahr 2024 Datum Treffpunkt Bemerkung Beginn Uhrzeit Ende Uhrzeit 15.02. Faschingsumzug d. Jugend 13.00 23.05. Jugendstunde Theorie+PraxisRauschfischangeln Zapfendorf Nord Infos folgen 20.06. &#8211; 28.06. Jugend Nachtangeln Zapfendorf S\u00fcdAbsatzbecken hinter der Schranke Infos folgen 03.07. &#8211; 05.07. Zeltwochenende Zapfendorf S\u00fcdAbsatzbecken hinter der Schranke Infos folgen 10.07 &#8211; 12.07. Zeltwochenende Zapfendorf S\u00fcdAbsatzbecken [&hellip;]<\/p>\n","protected":false},"author":1,"featured_media":0,"parent":0,"menu_order":0,"comment_status":"closed","ping_status":"closed","template":"","meta":{"footnotes":""},"class_list":["post-11","page","type-page","status-publish","hentry"],"yoast_head":"<!-- This site is optimized with the Yoast SEO plugin v26.8 - https:\/\/yoast.com\/product\/yoast-seo-wordpress\/ -->\n<title>Jugendtermine - Sportfischerverein Zapfendorf<\/title>\n<meta name=\"robots\" content=\"index, follow, max-snippet:-1, max-image-preview:large, max-video-preview:-1\" \/>\n<link rel=\"canonical\" href=\"https:\/\/fischersv-zapfendorf.de\/?page_id=11\" \/>\n<meta property=\"og:locale\" content=\"de_DE\" \/>\n<meta property=\"og:type\" content=\"article\" \/>\n<meta property=\"og:title\" content=\"Jugendtermine - Sportfischerverein Zapfendorf\" \/>\n<meta property=\"og:description\" content=\"Terminplan der Jugendgruppe f\u00fcr das Jahr 2024 Datum Treffpunkt Bemerkung Beginn Uhrzeit Ende Uhrzeit 15.02. Faschingsumzug d. Jugend 13.00 23.05. Jugendstunde Theorie+PraxisRauschfischangeln Zapfendorf Nord Infos folgen 20.06. &#8211; 28.06. Jugend Nachtangeln Zapfendorf S\u00fcdAbsatzbecken hinter der Schranke Infos folgen 03.07. &#8211; 05.07. Zeltwochenende Zapfendorf S\u00fcdAbsatzbecken hinter der Schranke Infos folgen 10.07 &#8211; 12.07. Zeltwochenende Zapfendorf S\u00fcdAbsatzbecken [&hellip;]\" \/>\n<meta property=\"og:url\" content=\"https:\/\/fischersv-zapfendorf.de\/?page_id=11\" \/>\n<meta property=\"og:site_name\" content=\"Sportfischerverein Zapfendorf\" \/>\n<meta property=\"article:modified_time\" content=\"2025-12-31T08:25:02+00:00\" \/>\n<meta name=\"twitter:card\" content=\"summary_large_image\" \/>\n<meta name=\"twitter:label1\" content=\"Gesch\u00e4tzte Lesezeit\" \/>\n\t<meta name=\"twitter:data1\" content=\"1\u00a0Minute\" \/>\n<script type=\"application\/ld+json\" class=\"yoast-schema-graph\">{\"@context\":\"https:\/\/schema.org\",\"@graph\":[{\"@type\":\"WebPage\",\"@id\":\"https:\/\/fischersv-zapfendorf.de\/?page_id=11\",\"url\":\"https:\/\/fischersv-zapfendorf.de\/?page_id=11\",\"name\":\"Jugendtermine - Sportfischerverein Zapfendorf\",\"isPartOf\":{\"@id\":\"https:\/\/fischersv-zapfendorf.de\/#website\"},\"datePublished\":\"2019-02-10T17:35:15+00:00\",\"dateModified\":\"2025-12-31T08:25:02+00:00\",\"breadcrumb\":{\"@id\":\"https:\/\/fischersv-zapfendorf.de\/?page_id=11#breadcrumb\"},\"inLanguage\":\"de\",\"potentialAction\":[{\"@type\":\"ReadAction\",\"target\":[\"https:\/\/fischersv-zapfendorf.de\/?page_id=11\"]}]},{\"@type\":\"BreadcrumbList\",\"@id\":\"https:\/\/fischersv-zapfendorf.de\/?page_id=11#breadcrumb\",\"itemListElement\":[{\"@type\":\"ListItem\",\"position\":1,\"name\":\"Startseite\",\"item\":\"https:\/\/fischersv-zapfendorf.de\/\"},{\"@type\":\"ListItem\",\"position\":2,\"name\":\"Jugendtermine\"}]},{\"@type\":\"WebSite\",\"@id\":\"https:\/\/fischersv-zapfendorf.de\/#website\",\"url\":\"https:\/\/fischersv-zapfendorf.de\/\",\"name\":\"Sportfischerverein Zapfendorf\",\"description\":\"und Umgebung e.V.\",\"potentialAction\":[{\"@type\":\"SearchAction\",\"target\":{\"@type\":\"EntryPoint\",\"urlTemplate\":\"https:\/\/fischersv-zapfendorf.de\/?s={search_term_string}\"},\"query-input\":{\"@type\":\"PropertyValueSpecification\",\"valueRequired\":true,\"valueName\":\"search_term_string\"}}],\"inLanguage\":\"de\"}]}<\/script>\n<!-- \/ Yoast SEO plugin. -->","yoast_head_json":{"title":"Jugendtermine - Sportfischerverein Zapfendorf","robots":{"index":"index","follow":"follow","max-snippet":"max-snippet:-1","max-image-preview":"max-image-preview:large","max-video-preview":"max-video-preview:-1"},"canonical":"https:\/\/fischersv-zapfendorf.de\/?page_id=11","og_locale":"de_DE","og_type":"article","og_title":"Jugendtermine - Sportfischerverein Zapfendorf","og_description":"Terminplan der Jugendgruppe f\u00fcr das Jahr 2024 Datum Treffpunkt Bemerkung Beginn Uhrzeit Ende Uhrzeit 15.02. Faschingsumzug d. Jugend 13.00 23.05. Jugendstunde Theorie+PraxisRauschfischangeln Zapfendorf Nord Infos folgen 20.06. &#8211; 28.06. Jugend Nachtangeln Zapfendorf S\u00fcdAbsatzbecken hinter der Schranke Infos folgen 03.07. &#8211; 05.07. Zeltwochenende Zapfendorf S\u00fcdAbsatzbecken hinter der Schranke Infos folgen 10.07 &#8211; 12.07. Zeltwochenende Zapfendorf S\u00fcdAbsatzbecken [&hellip;]","og_url":"https:\/\/fischersv-zapfendorf.de\/?page_id=11","og_site_name":"Sportfischerverein Zapfendorf","article_modified_time":"2025-12-31T08:25:02+00:00","twitter_card":"summary_large_image","twitter_misc":{"Gesch\u00e4tzte Lesezeit":"1\u00a0Minute"},"schema":{"@context":"https:\/\/schema.org","@graph":[{"@type":"WebPage","@id":"https:\/\/fischersv-zapfendorf.de\/?page_id=11","url":"https:\/\/fischersv-zapfendorf.de\/?page_id=11","name":"Jugendtermine - Sportfischerverein Zapfendorf","isPartOf":{"@id":"https:\/\/fischersv-zapfendorf.de\/#website"},"datePublished":"2019-02-10T17:35:15+00:00","dateModified":"2025-12-31T08:25:02+00:00","breadcrumb":{"@id":"https:\/\/fischersv-zapfendorf.de\/?page_id=11#breadcrumb"},"inLanguage":"de","potentialAction":[{"@type":"ReadAction","target":["https:\/\/fischersv-zapfendorf.de\/?page_id=11"]}]},{"@type":"BreadcrumbList","@id":"https:\/\/fischersv-zapfendorf.de\/?page_id=11#breadcrumb","itemListElement":[{"@type":"ListItem","position":1,"name":"Startseite","item":"https:\/\/fischersv-zapfendorf.de\/"},{"@type":"ListItem","position":2,"name":"Jugendtermine"}]},{"@type":"WebSite","@id":"https:\/\/fischersv-zapfendorf.de\/#website","url":"https:\/\/fischersv-zapfendorf.de\/","name":"Sportfischerverein Zapfendorf","description":"und Umgebung e.V.","potentialAction":[{"@type":"SearchAction","target":{"@type":"EntryPoint","urlTemplate":"https:\/\/fischersv-zapfendorf.de\/?s={search_term_string}"},"query-input":{"@type":"PropertyValueSpecification","valueRequired":true,"valueName":"search_term_string"}}],"inLanguage":"de"}]}},"_links":{"self":[{"href":"https:\/\/fischersv-zapfendorf.de\/index.php?rest_route=\/wp\/v2\/pages\/11","targetHints":{"allow":["GET"]}}],"collection":[{"href":"https:\/\/fischersv-zapfendorf.de\/index.php?rest_route=\/wp\/v2\/pages"}],"about":[{"href":"https:\/\/fischersv-zapfendorf.de\/index.php?rest_route=\/wp\/v2\/types\/page"}],"author":[{"embeddable":true,"href":"https:\/\/fischersv-zapfendorf.de\/index.php?rest_route=\/wp\/v2\/users\/1"}],"replies":[{"embeddable":true,"href":"https:\/\/fischersv-zapfendorf.de\/index.php?rest_route=%2Fwp%2Fv2%2Fcomments&post=11"}],"version-history":[{"count":16,"href":"https:\/\/fischersv-zapfendorf.de\/index.php?rest_route=\/wp\/v2\/pages\/11\/revisions"}],"predecessor-version":[{"id":771,"href":"https:\/\/fischersv-zapfendorf.de\/index.php?rest_route=\/wp\/v2\/pages\/11\/revisions\/771"}],"wp:attachment":[{"href":"https:\/\/fischersv-zapfendorf.de\/index.php?rest_route=%2Fwp%2Fv2%2Fmedia&parent=11"}],"curies":[{"name":"wp","href":"https:\/\/api.w.org\/{rel}","templated":true}]}}